{"id":10870,"date":"2025-05-28T17:38:34","date_gmt":"2025-05-28T17:38:34","guid":{"rendered":"https:\/\/sspbcs.gob.mx\/ssp\/?page_id=10870"},"modified":"2025-11-04T06:17:58","modified_gmt":"2025-11-04T06:17:58","slug":"pronunciamientos-de-recomendaciones2","status":"publish","type":"page","link":"https:\/\/sspbcs.gob.mx\/ssp\/pronunciamientos-de-recomendaciones2\/","title":{"rendered":"Pronunciamientos  de Recomendaciones"},"content":{"rendered":"<section class=\"kc-elm kc-css-973804 kc_row\"><div class=\"kc-row-container  kc-container\"><div class=\"kc-wrap-columns\"><div class=\"kc-elm kc-css-838279 kc_col-sm-12 kc_column kc_col-sm-12\"><div class=\"kc-col-container\"><div class=\"kc-elm kc-css-61325 kc-raw-code\"><br><br><br><br><br><br><br><br><\/div><div class=\"kc-elm kc-css-463122 kc_text_block\"><\/p>\n<h4 style=\"color: white;\"><strong>Pronunciamientos\u00a0 de Recomendaciones<\/strong><\/h4>\n<div><strong>\u00a0<\/strong><\/div>\n<p style=\"color:white;\">\nEsta Secretar\u00eda de Seguridad P\u00fablica reconoce la responsabilidad de los hechos u omisiones detallados en la recomendaci\u00f3n N.\u00ba 01\/2025 emitida por la Comisi\u00f3n Estatal de los Derechos Humanos de Baja California Sur, donde figura como autoridad responsable la Polic\u00eda Estatal Preventiva. Por raz\u00f3n a ello, esta Secretar\u00eda se compromete a incrementar medidas eficaces, suficientes y necesarias para erradicar patrones y conductas que violenten y atenten contra los derechos humanos establecidos en la Constituci\u00f3n Pol\u00edtica de los Estados Unidos Mexicanos, mediante capacitaciones de derechos humanos, reforzando su profesionalizaci\u00f3n con las capacitaciones continuas y de actualizaci\u00f3n avaladas en el Plan Rector de Profesionalizaci\u00f3n y acreditadas por el Secretariado Ejecutivo, que permita la mejora continua en su actuar policial como servidor p\u00fablico en beneficio de la misma sociedad.\n<\/p>\n<p style=\"color:white;\">\nYa que la aplicaci\u00f3n de los derechos humanos, a la que nos encontramos obligados como autoridad de promover, respetar, proteger y garantizar en favor del individuo, nos regimos por principios de universalidad, interdependencia, indivisibilidad y progresividad, donde esta Secretar\u00eda es garante al cumplimiento y protecci\u00f3n de los mismos.\n<\/p>\n<p style=\"color:white;\">\nReiterando el compromiso con el pleno respeto a los derechos humanos, y velar en todo momento, porque la actuaci\u00f3n de las instituciones de seguridad p\u00fablica se desarrolle bajo los principios de legalidad, eficiencia y honradez, ejerciendo con todo profesionalismo su responsabilidad en materia de seguridad.\n<\/p>\n<p>\n<\/div><div class=\"kc-elm kc-css-567469 kc-raw-code\">    <p style=\"text-align: center; color:white;\"> \r\n    <b>Atentamente<\/b>\r\n    <\/p>\r\n\r\n    <p style=\"text-align: center; color:white;\"> \r\n    <b>Luis Alfredo Cancino Vicente.<\/b>\r\n    <\/p>\r\n\r\n    <p style=\"text-align: center; color:white;\"> \r\n    <b>Secretario de Seguridad P\u00fablica del Estado<\/b>\r\n    <\/p>\r\n\r\n    <p style=\"text-align: center; color:white;\"> \r\n    <b>De Baja California Sur.<\/b>\r\n    <\/p>\r\n\r\n<br><br><\/div><\/div><\/div><\/div><\/div><\/section>\n","protected":false},"excerpt":{"rendered":"","protected":false},"author":4,"featured_media":0,"parent":0,"menu_order":0,"comment_status":"closed","ping_status":"closed","template":"redux-templates_contained","meta":{"footnotes":""},"class_list":["post-10870","page","type-page","status-publish","hentry"],"_links":{"self":[{"href":"https:\/\/sspbcs.gob.mx\/ssp\/wp-json\/wp\/v2\/pages\/10870","targetHints":{"allow":["GET"]}}],"collection":[{"href":"https:\/\/sspbcs.gob.mx\/ssp\/wp-json\/wp\/v2\/pages"}],"about":[{"href":"https:\/\/sspbcs.gob.mx\/ssp\/wp-json\/wp\/v2\/types\/page"}],"author":[{"embeddable":true,"href":"https:\/\/sspbcs.gob.mx\/ssp\/wp-json\/wp\/v2\/users\/4"}],"replies":[{"embeddable":true,"href":"https:\/\/sspbcs.gob.mx\/ssp\/wp-json\/wp\/v2\/comments?post=10870"}],"version-history":[{"count":26,"href":"https:\/\/sspbcs.gob.mx\/ssp\/wp-json\/wp\/v2\/pages\/10870\/revisions"}],"predecessor-version":[{"id":17542,"href":"https:\/\/sspbcs.gob.mx\/ssp\/wp-json\/wp\/v2\/pages\/10870\/revisions\/17542"}],"wp:attachment":[{"href":"https:\/\/sspbcs.gob.mx\/ssp\/wp-json\/wp\/v2\/media?parent=10870"}],"curies":[{"name":"wp","href":"https:\/\/api.w.org\/{rel}","templated":true}]}}