{"id":1326,"date":"2023-06-15T17:40:03","date_gmt":"2023-06-15T17:40:03","guid":{"rendered":"https:\/\/sspbcs.gob.mx\/ssp\/?page_id=1326"},"modified":"2023-06-15T18:21:31","modified_gmt":"2023-06-15T18:21:31","slug":"direccion-general-del-centro-estatal-de-politica-criminal","status":"publish","type":"page","link":"https:\/\/sspbcs.gob.mx\/ssp\/direccion-general-del-centro-estatal-de-politica-criminal\/","title":{"rendered":"Direcci\u00f3n General del Centro Estatal de Pol\u00edtica Criminal"},"content":{"rendered":"<section class=\"kc-elm kc-css-177856 kc_row\"><div class=\"kc-row-container  kc-container\"><div class=\"kc-wrap-columns\"><div class=\"kc-elm kc-css-77874 kc_col-sm-12 kc_column kc_col-sm-12\"><div class=\"kc-col-container\"><div class=\"kc-elm kc-css-585136 kc-raw-code\"><br>\r\n<br>\r\n<br>\r\n<div class=\"wrap\" role=\"document\">\r\n<style>\r\n       header.page-header .breadcrumb {\r\n           margin-bottom:  24px;\r\n       }\r\n\r\n       header.page-header .breadcrumb > li + li:before {\r\n           content: \">\";\r\n       }\r\n\r\n       header.page-header a {\r\n           color: #88CFC9 ;\r\n       }\r\n\r\n       header.page-header.with-bg {\r\n           background-color:#9f2241;\r\n           color: #fff;\r\n           margin: 0 0 40px;\r\n           padding: 30px 0;\r\n       }\r\n\r\n       header.page-header.with-bg .breadcrumb {\r\n           background-color: transparent;\r\n           padding: 0;\r\n           margin-bottom: 10px;\r\n       }\r\n\r\n       header.page-header.with-bg h1 {\r\n           color: #fff;\r\n\r\n       }\r\n\r\n\r\n       .panel .panel-heading {\r\n           color: #005da3;\r\n           letter-spacing: 1px;\r\n           border-bottom: 1px solid #eee;\r\n           background-color: #fff;\r\n           font-weight: bold;\r\n       }\r\n\r\n       .panel .panel-body h5.label {\r\n           color: #666;\r\n           padding: 0;\r\n           letter-spacing:0.5px;\r\n           font-size: 90%;\r\n       }\r\n\r\n.btn-primary{\r\n background-color:#9f2241 !important;\r\n}\r\n.btn-primary:hover {\r\n   color: #ffff;\r\n   background-color: #9f2241 !important;\r\n   border-color: #8ad3d3 !important\r\n}\r\n\r\n   <\/style>\r\n\r\n<br>\r\n<br>\r\n<br>\r\n<br>\r\n   <header class=\"page-header with-bg\">\r\n       <div class=\"container\">\r\n       <h1>DIRECCI\u00d3N GENERAL DEL CENTRO ESTATAL DE POL\u00cdTICA CRIMINAL<\/h1>\r\n       <\/div>\r\n   <\/header>\r\n\r\n   <div class=\"container page-content-wrapper\">\r\n       <div class=\"row\">\r\n           <div class=\"col-sm-8\">\r\n            <div class=\"panel \">\r\n                <div class=\"panel-heading\">\r\n                    MISI\u00d3N\r\n                <\/div>\r\n                <div class=\"panel-body\">\r\n                    <p>Realizar an\u00e1lisis cient\u00edfico y multidisciplinario del\r\n                        fen\u00f3meno criminal , a fin de elaborar las pol\u00edticas y\r\n                        estrategias que contribuyan al fortalecimiento de la\r\n                        seguridad publica.<\/p>\r\n                    <br>\r\n                    <br>\r\n                <\/div>\r\n                <div class=\"panel-heading\">\r\n                    VISI\u00d3N\r\n                <\/div>\r\n                <div class=\"panel-body\">\r\n                    <p>Consolidarnos como el m\u00e1ximo organismo para la\r\n                        generaci\u00f3n de informaci\u00f3n cient\u00edfica en materia\r\n                        criminal para contribuir al fortalecimiento de\r\n                        condiciones de seguridad publica que permitan\r\n                        alcanzar \u00f3ptimos niveles de bienestar.       <\/p>\r\n                    <br>\r\n                    <br>\r\n                <\/div>\r\n                <div class=\"panel-heading\">\r\n                    OBJETIVO GENERAL\r\n                <\/div>\r\n                <div class=\"panel-body\">\r\n                    <p>El centro estatal de pol\u00edtica criminal fue creado el\r\n                        a\u00f1o 2017, con la finalidad de generar productos de\r\n                        inteligencia y estad\u00edstica de la incidencia delictiva,\r\n                        para apoyo las \u00e1reas de las secretaria de seguridad\r\n                        publica, siendo un ente rector en la recopilaci\u00f3n de\r\n                        la informaci\u00f3n sensible para la explotaci\u00f3n de la\r\n                        misma..                    <\/p>\r\n                    <br>\r\n                    <br>\r\n                <\/div>\r\n                <div class=\"panel-heading\">\r\n                    OBJETIVO ESPEC\u00cdFICOS\r\n                <\/div>\r\n                <div class=\"panel-body\">\r\n                    <P>- Generar oportunamente la informaci\u00f3n confiable\r\n                        requerida al interior de la dependencia para toma de\r\n                        decisiones.<\/P>\r\n                    <P>- Dise\u00f1ar indicadores para medir la efectividad de las\r\n                        pol\u00edticas p\u00fablicas sobre seguridad p\u00fablica.\r\n                        <\/P>\r\n                    <P>- Planear estrategias de prevenci\u00f3n del delito.<\/P>\r\n                    <P>- Homologar la informaci\u00f3n criminal en base de datos\r\n                        sistematizadas para la explotaci\u00f3n de las mismas.<\/P>\r\n                    <P>- Realizar los estudios que resulten necesarios, para definir\r\n                        el contenido, alcance y periodicidad de la informaci\u00f3n.<\/P>\r\n                    <P>- Realizar trabajos de inteligencia que sirvan para la toma\r\n                        de decisiones.<\/P>\r\n                    <P>- Generar informaci\u00f3n sobre la incidencia delictiva que\r\n                        acontece en el Estado para el trabajo en la prevenci\u00f3n de\r\n                        diversos rubros con las dem\u00e1s instituciones.\r\n                        <\/P>\r\n                    <P>- Realizar informes y an\u00e1lisis estad\u00edsticos que permitan\r\n                        evaluar el desempe\u00f1o operativo.<\/P>\r\n                    <P>- Coadyuvar en la programaci\u00f3n de acciones y metas.                    <\/P>\r\n                    <P>- Sistematizaci\u00f3n de procesos para la homologaci\u00f3n de la\r\n                        informaci\u00f3n.<\/P>\r\n                    <P>- <\/P>\r\n                    <br>\r\n                    <br>\r\n                <\/div>\r\n                <div class=\"panel-heading\">\r\n                    EJES DE LA POL\u00cdTICA CRIMINAL\r\n                <\/div>\r\n                <div class=\"panel-body\">\r\n                    <P>1.- Prevenci\u00f3n del delito.<\/P>\r\n                    <P>2.- Buscar un sistema de justicia eficaz.\r\n                        <\/P>\r\n                    <P>3.- Coordinaci\u00f3n interinstitucional con los tres niveles de Gobierno.<\/P>\r\n                    <P>4.- Coadyuvar con el Sistema Penitenciario y el Sistema Nacional de informaci\u00f3n.<\/P>\r\n                    <P>5.- Promover la participaci\u00f3n ciudadana.<\/P>\r\n                    <P>6.- Mejorar la cooperaci\u00f3n nacional e internacional.<\/P>\r\n                    <P>7.- Mantener actualizado las bases de datos criminales.<\/P>\r\n                    <P>8.- Mejorar la coordinaci\u00f3n entre niveles de Gobierno.<\/P>\r\n                    <P>9.- Dividir al Estado por sectores.<\/P>\r\n                    <P>10.- Fortalecer las tareas de inteligencia.<\/P>\r\n                    <br>\r\n                    <br>\r\n                <\/div>\r\n                <div class=\"panel-heading\">\r\n                    MARCO NORMATIVO\r\n                <\/div>\r\n                <div class=\"panel-body\">\r\n                    <P>1.- Reglamento - Interior de la Secretaria de Seguridad Publica del Estado de Baja\r\n                        California Sur. 20-Jun-2018<\/P>\r\n                    <P>2.- Especifico de Organizaci\u00f3n de la Direcci\u00f3n General del Centro Estatal de\r\n                        Pol\u00edtica Criminal. 14 - Dic -2018 \r\n                        <\/P>\r\n                    <P>3.- Especifico de Organizaci\u00f3n de la Direcci\u00f3n General del Centro Estatal de\r\n                        Pol\u00edtica Criminal. 14 - Dic -2018 <\/P>\r\n                    <br>\r\n                    <br>\r\n                <\/div>\r\n                <div class=\"panel-heading\">\r\n                    ESTRUCTURA ORG\u00c1NICA\r\n                <\/div>\r\n                <div class=\"panel-body\">\r\n                    <img decoding=\"async\" src=\"https:\/\/sspbcs.gob.mx\/ssp\/wp-content\/uploads\/2023\/06\/estructuraOrganicaCPEC.jpg\" alt=\"\">\r\n                <\/div>\r\n            <\/div> <!-- end: .panel -->\r\n           <\/div>\r\n        <div class=\"col-sm-4\">\r\n        <br><br>\r\n                <!-- <a href=\"https:\/\/sspbcs.gob.mx\/ssp\/images\/Modulos\/Hipervinculos\/REPUVE.pdf\" class=\"btn btn-primary\" target=\"_blank\"><i class=\"fa fa-desktop\"><\/i>&nbsp;&nbsp;PONLE EL CHIP A TU CARRO<\/a><hr> -->\r\n               <div class=\"hidden-print\">\r\n                <section id=\"block-2\" class=\"widget single_widget widget_block widget_search\"><form role=\"search\" method=\"get\" action=\"https:\/\/condescending-faraday.74-208-53-44.plesk.page\/sspdemo\/\" class=\"wp-block-search__button-outside wp-block-search__text-button wp-block-search\"><label for=\"wp-block-search__input-1\" class=\"wp-block-search__label screen-reader-text\">Buscar<\/label><div class=\"wp-block-search__inside-wrapper \" style=\"width: 666px\"><input type=\"search\" id=\"wp-block-search__input-1\" class=\"wp-block-search__input\" name=\"s\" value=\"\" placeholder=\"Buscador...\" required=\"\" spellcheck=\"false\" data-ms-editor=\"true\"><button type=\"submit\" class=\"wp-block-search__button has-text-color has-white-color has-background has-vivid-red-background-color wp-element-button\">Buscar<\/button><\/div><\/form><\/section>\r\n\r\n                <section id=\"fbw_id-4\" class=\"widget single_widget widget_fbw_id\"><h4 class=\"blog_sidebar_title\">Facebook SSPBCS<\/h4><div class=\"fb_loader\" style=\"text-align: center !important; display: none;\"><img decoding=\"async\" src=\"https:\/\/condescending-faraday.74-208-53-44.plesk.page\/sspdemo\/wp-content\/plugins\/facebook-pagelike-widget\/loader.gif\" alt=\"Facebook Pagelike Widget\"><\/div><div id=\"fb-root\" class=\" fb_reset\"><div style=\"position: absolute; top: -10000px; width: 0px; height: 0px;\"><div><\/div><\/div><\/div>\r\n                    <div class=\"fb-page fb_iframe_widget\" data-href=\"https:\/\/www.facebook.com\/seguridadpublicabcs \" data-width=\"300\" data-height=\"600\" data-small-header=\"false\" data-adapt-container-width=\"true\" data-hide-cover=\"false\" data-show-facepile=\"true\" style=\"\" hide_cta=\"false\" data-tabs=\"timeline\" data-lazy=\"false\" fb-xfbml-state=\"rendered\" fb-iframe-plugin-query=\"adapt_container_width=true&amp;app_id=503595753002055&amp;container_width=288&amp;height=600&amp;hide_cover=false&amp;hide_cta=false&amp;href=https%3A%2F%2Fwww.facebook.com%2Fseguridadpublicabcs&amp;lazy=false&amp;locale=es_LA&amp;sdk=joey&amp;show_facepile=true&amp;small_header=false&amp;tabs=timeline&amp;width=300\"><span style=\"vertical-align: bottom; width: 288px; height: 600px;\"><iframe loading=\"lazy\" name=\"f1a70d6c9797ce8\" width=\"300px\" height=\"600px\" data-testid=\"fb:page Facebook Social Plugin\" title=\"fb:page Facebook Social Plugin\" frameborder=\"0\" allowtransparency=\"true\" allowfullscreen=\"true\" scrolling=\"no\" allow=\"encrypted-media\" src=\"https:\/\/www.facebook.com\/v2.5\/plugins\/page.php?adapt_container_width=true&amp;app_id=503595753002055&amp;channel=https%3A%2F%2Fstaticxx.facebook.com%2Fx%2Fconnect%2Fxd_arbiter%2F%3Fversion%3D46%23cb%3Df144e556a22b7c8%26domain%3Dcondescending-faraday.74-208-53-44.plesk.page%26is_canvas%3Dfalse%26origin%3Dhttps%253A%252F%252Fcondescending-faraday.74-208-53-44.plesk.page%252Ff2a8222b50c807c%26relation%3Dparent.parent&amp;container_width=288&amp;height=600&amp;hide_cover=false&amp;hide_cta=false&amp;href=https%3A%2F%2Fwww.facebook.com%2Fseguridadpublicabcs&amp;lazy=false&amp;locale=es_LA&amp;sdk=joey&amp;show_facepile=true&amp;small_header=false&amp;tabs=timeline&amp;width=300\" style=\"border: none; visibility: visible; width: 288px; height: 600px;\" class=\"\"><\/iframe><\/span><\/div><\/section>\r\n                \r\n\r\n                \r\n               <\/div>\r\n            <\/div>\r\n       <\/div>\r\n\r\n   <\/div>\r\n<\/div><\/div><\/div><\/div><\/div><\/div><\/section>\n","protected":false},"excerpt":{"rendered":"","protected":false},"author":4,"featured_media":0,"parent":0,"menu_order":0,"comment_status":"closed","ping_status":"closed","template":"kc-template.php","meta":{"footnotes":""},"class_list":["post-1326","page","type-page","status-publish","hentry"],"_links":{"self":[{"href":"https:\/\/sspbcs.gob.mx\/ssp\/wp-json\/wp\/v2\/pages\/1326","targetHints":{"allow":["GET"]}}],"collection":[{"href":"https:\/\/sspbcs.gob.mx\/ssp\/wp-json\/wp\/v2\/pages"}],"about":[{"href":"https:\/\/sspbcs.gob.mx\/ssp\/wp-json\/wp\/v2\/types\/page"}],"author":[{"embeddable":true,"href":"https:\/\/sspbcs.gob.mx\/ssp\/wp-json\/wp\/v2\/users\/4"}],"replies":[{"embeddable":true,"href":"https:\/\/sspbcs.gob.mx\/ssp\/wp-json\/wp\/v2\/comments?post=1326"}],"version-history":[{"count":2,"href":"https:\/\/sspbcs.gob.mx\/ssp\/wp-json\/wp\/v2\/pages\/1326\/revisions"}],"predecessor-version":[{"id":1340,"href":"https:\/\/sspbcs.gob.mx\/ssp\/wp-json\/wp\/v2\/pages\/1326\/revisions\/1340"}],"wp:attachment":[{"href":"https:\/\/sspbcs.gob.mx\/ssp\/wp-json\/wp\/v2\/media?parent=1326"}],"curies":[{"name":"wp","href":"https:\/\/api.w.org\/{rel}","templated":true}]}}