{"id":1741,"date":"2023-07-03T21:32:12","date_gmt":"2023-07-03T21:32:12","guid":{"rendered":"https:\/\/sspbcs.gob.mx\/ssp\/?page_id=1741"},"modified":"2026-04-14T18:03:42","modified_gmt":"2026-04-14T18:03:42","slug":"organo-interno-de-control","status":"publish","type":"page","link":"https:\/\/sspbcs.gob.mx\/ssp\/organo-interno-de-control\/","title":{"rendered":"\u00d3RGANO INTERNO DE CONTROL"},"content":{"rendered":"<section class=\"kc-elm kc-css-737163 kc_row\"><div class=\"kc-row-container  kc-container\"><div class=\"kc-wrap-columns\"><div class=\"kc-elm kc-css-376710 kc_col-sm-12 kc_column kc_col-sm-12\"><div class=\"kc-col-container\"><div class=\"kc-elm kc-css-686461 kc-raw-code\"><br>\r\n<br>\r\n<br>\r\n<div class=\"wrap\" role=\"document\">\r\n<style>\r\n       header.page-header .breadcrumb {\r\n           margin-bottom:  24px;\r\n       }\r\n\r\n       header.page-header .breadcrumb > li + li:before {\r\n           content: \">\";\r\n       }\r\n\r\n       header.page-header a {\r\n           color: #88CFC9 ;\r\n       }\r\n\r\n       header.page-header.with-bg {\r\n           background-color:#9f2241;\r\n           color: #fff;\r\n           margin: 0 0 40px;\r\n           padding: 30px 0;\r\n       }\r\n\r\n       header.page-header.with-bg .breadcrumb {\r\n           background-color: transparent;\r\n           padding: 0;\r\n           margin-bottom: 10px;\r\n       }\r\n\r\n       header.page-header.with-bg h1 {\r\n           color: #fff;\r\n\r\n       }\r\n\r\n\r\n       .panel .panel-heading {\r\n           color: #005da3;\r\n           letter-spacing: 1px;\r\n           border-bottom: 1px solid #eee;\r\n           background-color: #fff;\r\n           font-weight: bold;\r\n       }\r\n\r\n       .panel .panel-body h5.label {\r\n           color: #666;\r\n           padding: 0;\r\n           letter-spacing:0.5px;\r\n           font-size: 90%;\r\n       }\r\n\r\n.btn-primary{\r\n background-color:#9f2241 !important;\r\n}\r\n.btn-primary:hover {\r\n   color: #ffff;\r\n   background-color: #9f2241 !important;\r\n   border-color: #8ad3d3 !important\r\n}\r\n\r\n   <\/style>\r\n\r\n<br>\r\n<br>\r\n<br>\r\n<br>\r\n   <header class=\"page-header with-bg\">\r\n       <div class=\"container\">\r\n       <h1>\u00d3RGANO INTERNO DE CONTROL<\/h1>\r\n       <\/div>\r\n   <\/header>\r\n\r\n   <div class=\"container page-content-wrapper\">\r\n       <div class=\"row\">\r\n           <div class=\"col\">\r\n            <div class=\"panel \">\r\n                \r\n                <div class=\"panel-body\">\r\n                    <p>El \u00d3rgano Interno de Control (OIC), es la unidad administrativa encargada de vigilar que los servidores p\u00fablicos act\u00faen con legalidad y honestidad conforme al marco legal aplicable dentro de la Secretaria de Seguridad P\u00fablica del Estado de Baja California Sur.\r\n La funci\u00f3n principal es la prevenci\u00f3n, correcci\u00f3n y an\u00e1lisis de posibles responsabilidades administrativas, as\u00ed como investigar los actos de corrupci\u00f3n, conductas indebidas o faltas administrativas, con respeto a los principios y obligaciones que rigen la actuaci\u00f3n de los Servidores P\u00fablicos.\r\n<\/p>\r\n                    <br>\r\n<p>La funci\u00f3n principal es la prevenci\u00f3n, correcci\u00f3n y an\u00e1lisis de posibles responsabilidades administrativas, as\u00ed como investigar los actos de corrupci\u00f3n, conductas indebidas o faltas administrativas, con respeto a los principios y obligaciones que rigen la actuaci\u00f3n de los Servidores P\u00fablicos.<\/p>\r\n<br>\r\n<br>\r\n\r\n                <\/div>\r\n                \r\n                \r\n            <\/div> <!-- end: .panel -->\r\n           <\/div>\r\n       \r\n       <\/div>\r\n\r\n   <\/div>\r\n<\/div><\/div><div data-open-on-mouseover=\"\" data-tab-active=\"1\" data-effect-option=\"\" class=\"kc-elm kc-css-554834 kc_tabs group\">\n\t<div class=\"kc_wrapper ui-tabs kc_clearfix\">\n\t\t<ul class=\"kc_tabs_nav ui-tabs-nav kc_clearfix\">\n\t\t\t<li><a href=\"#\" data-prevent=\"scroll\"><i class=\"fa-shield-alt\"><\/i> MISI\u00d3N<\/a><\/li><li><a href=\"#\" data-prevent=\"scroll\"><i class=\"fa-check\"><\/i> VISI\u00d3N<\/a><\/li><li><a href=\"#\" data-prevent=\"scroll\"><i class=\"fa-users\"><\/i> FUNCIONES<\/a><\/li>\t\t<\/ul>\n\t\t<div id=\"mision\" class=\"kc-elm kc-css-318346 kc_tab ui-tabs-panel kc_ui-tabs-hide kc_clearfix \"><div class=\"kc_tab_content\"><div class=\"kc-elm kc-css-478233 kc_text_block\"><\/p>\n<p>Establecer y actualizar el sistema de control interno institucional, evaluar y supervisar su funcionamiento, as\u00ed como ordenar las acciones de mejora continua dispuestas por la contralor\u00eda general del estado y fiscalizar el ejercicio del gasto p\u00fablico y su congruencia con el presupuesto de egresos.<\/p>\n<p>\n<\/div><\/div><\/div><div id=\"vision\" class=\"kc-elm kc-css-655829 kc_tab ui-tabs-panel kc_ui-tabs-hide kc_clearfix \"><div class=\"kc_tab_content\"><div class=\"kc-elm kc-css-177013 kc_text_block\"><\/p>\n<p>Consolidarse como el \u00d3rgano Interno de Control que coadyuve a la Secretar\u00eda de Seguridad P\u00fablica a impulsar la mejora institucional, innovaci\u00f3n, transparencia e integridad en el servicio p\u00fablico, dar seguimiento a las medidas preventivas y correctivas en el \u00e1mbito de la fiscalizaci\u00f3n, la mejora el desempe\u00f1o y la calidad de servicios.<\/p>\n<p>\n<\/div><\/div><\/div><div id=\"funciones\" class=\"kc-elm kc-css-571545 kc_tab ui-tabs-panel kc_ui-tabs-hide kc_clearfix \"><div class=\"kc_tab_content\"><div class=\"kc-elm kc-css-961218 kc_text_block\"><\/p>\n<p><strong>1. Vigilancia y Fiscalizaci\u00f3n\u00a0<\/strong><\/p>\n<p>Auditor\u00edas y Revisiones: Realizan actos de fiscalizaci\u00f3n para verificar que el uso de los recursos p\u00fablicos sea eficiente, eficaz y transparente.<\/p>\n<p>Seguimiento de Programas: Eval\u00faan que los planes, programas y metas de la dependencia se cumplan conforme a la normativa vigente.<\/p>\n<p>Control de Riesgos: Identifican y gestionan riesgos que puedan afectar la eficacia del gobierno o propiciar actos indebidos.\u00a0<\/p>\n<p>Implementan Mecanismos Internos: Que prevengan actos u omisiones que pudieran constituir en faltas administrativas.\u00a0<\/p>\n<\/p>\n<p><strong>2. Responsabilidades Administrativas<\/strong><\/p>\n<p>Investigaci\u00f3n de Quejas y Denuncias: Recibir y analizar quejas y denuncias sobre posibles irregularidades cometidas por servidores p\u00fablicos, las sanciones aplicables por los actos u omisiones en que estos incurran y las que correspondan a los particulares vinculados con faltas administrativas graves y no graves.<\/p>\n<p>Substanciaci\u00f3n: Inician procedimientos administrativos.\u00a0<\/p>\n<p>Intervenci\u00f3n en Contrataciones: Supervisan inconformidades o procedimientos de sanci\u00f3n a proveedores por incumplimientos en obras o adquisiciones.\u00a0<\/p>\n<\/p>\n<p><strong>3. Integridad y Evoluci\u00f3n Patrimonial<\/strong><\/p>\n<p>Declaraciones Patrimoniales: Vigilan que los servidores p\u00fablicos cumplan en tiempo y forma con presentar sus declaraciones de situaci\u00f3n patrimonial y de intereses\u00a0<\/p>\n<p>Prevenci\u00f3n de Conflictos de Inter\u00e9s: Verifican que los servidores p\u00fablicos no intervengan en asuntos donde tengan un beneficio personal o impedimento legal.<\/p>\n<\/p>\n<p><strong>4. Transparencia y Rendici\u00f3n de Cuentas<\/strong><\/p>\n<p>Promoci\u00f3n de la \u00c9tica: Fomentar una cultura de integridad y apego a la legalidad dentro de la Instituci\u00f3n.<\/p>\n<p>Atenci\u00f3n Ciudadana: Gestionan los buzones de quejas y brindan informaci\u00f3n sobre los procedimientos de denuncia.<\/p>\n<p>\n<\/div><\/div><\/div>\t<\/div>\n<\/div>\n\n\n<div class=\"kc-elm kc-css-945677 kc_shortcode kc_single_image\">\n\n        <img decoding=\"async\" src=\"https:\/\/sspbcs.gob.mx\/ssp\/wp-content\/uploads\/2026\/04\/ORGANO_INTERNO_DE_CONTROL.jpeg\" class=\"\" alt=\"\" \/>    <\/div>\n<div class=\"kc-elm kc-css-63370 kc-raw-code\"><style>\r\n       header.page-header .breadcrumb {\r\n           margin-bottom:  24px;\r\n       }\r\n\r\n       header.page-header .breadcrumb > li + li:before {\r\n           content: \">\";\r\n       }\r\n\r\n       header.page-header a {\r\n           color: #88CFC9 ;\r\n       }\r\n\r\n       header.page-header.with-bg {\r\n           background-color:#9f2241;\r\n           color: #fff;\r\n           margin: 0 0 40px;\r\n           padding: 30px 0;\r\n       }\r\n\r\n       header.page-header.with-bg .breadcrumb {\r\n           background-color: transparent;\r\n           padding: 0;\r\n           margin-bottom: 10px;\r\n       }\r\n\r\n       header.page-header.with-bg h1 {\r\n           color: #fff;\r\n\r\n       }\r\n\r\n\r\n       .panel .panel-heading {\r\n           color: #005da3;\r\n           letter-spacing: 1px;\r\n           border-bottom: 1px solid #eee;\r\n           background-color: #fff;\r\n           font-weight: bold;\r\n       }\r\n\r\n       .panel .panel-body h5.label {\r\n           color: #666;\r\n           padding: 0;\r\n           letter-spacing:0.5px;\r\n           font-size: 90%;\r\n       }\r\n\r\n.btn-primary{\r\n background-color:#9f2241 !important;\r\n}\r\n.btn-primary:hover {\r\n   color: #ffff;\r\n   background-color: #9f2241 !important;\r\n   border-color: #8ad3d3 !important\r\n}\r\n\r\n   <\/style>               \r\n\r\n <div class=\"panel-heading\">\r\n<br>\r\n                 <b>   CONTACTO<\/b>\r\n                <\/div>\r\n                <div class=\"panel-body\">\r\n                    <P><b>Titular del \u00d3rgano Interno de Control: <\/b> Rosa Mar\u00eda Monta\u00f1o.<\/P>\r\n                    <P><b>T\u00e9lefono:<\/b> (612) 175 04 00 extensi\u00f3n 1218 y 1216.<\/P>\r\n                    <P><b>Correo:<\/b> oic.ssp@bcs.gob.mx<\/P>\r\n                    <P><b>Direcci\u00f3n:<\/b> Blvd. Gral. Agust\u00edn Olachea s\/n entre Blvd. Luis Donaldo Colosio y calle Chech\u00e9n, colonia Emiliano Zapata, C.p. 23079, La Paz, B.C.S.<\/P>\r\n                    <br>\r\n                    <br>\r\n                <\/div><\/div><\/div><\/div><\/div><\/div><\/section>\n","protected":false},"excerpt":{"rendered":"","protected":false},"author":4,"featured_media":0,"parent":0,"menu_order":0,"comment_status":"closed","ping_status":"closed","template":"kc-template.php","meta":{"footnotes":""},"class_list":["post-1741","page","type-page","status-publish","hentry"],"_links":{"self":[{"href":"https:\/\/sspbcs.gob.mx\/ssp\/wp-json\/wp\/v2\/pages\/1741","targetHints":{"allow":["GET"]}}],"collection":[{"href":"https:\/\/sspbcs.gob.mx\/ssp\/wp-json\/wp\/v2\/pages"}],"about":[{"href":"https:\/\/sspbcs.gob.mx\/ssp\/wp-json\/wp\/v2\/types\/page"}],"author":[{"embeddable":true,"href":"https:\/\/sspbcs.gob.mx\/ssp\/wp-json\/wp\/v2\/users\/4"}],"replies":[{"embeddable":true,"href":"https:\/\/sspbcs.gob.mx\/ssp\/wp-json\/wp\/v2\/comments?post=1741"}],"version-history":[{"count":13,"href":"https:\/\/sspbcs.gob.mx\/ssp\/wp-json\/wp\/v2\/pages\/1741\/revisions"}],"predecessor-version":[{"id":101441,"href":"https:\/\/sspbcs.gob.mx\/ssp\/wp-json\/wp\/v2\/pages\/1741\/revisions\/101441"}],"wp:attachment":[{"href":"https:\/\/sspbcs.gob.mx\/ssp\/wp-json\/wp\/v2\/media?parent=1741"}],"curies":[{"name":"wp","href":"https:\/\/api.w.org\/{rel}","templated":true}]}}