{"id":684,"date":"2023-04-11T19:04:53","date_gmt":"2023-04-11T19:04:53","guid":{"rendered":"https:\/\/sspbcs.gob.mx\/ssp\/?page_id=684"},"modified":"2026-01-20T17:38:53","modified_gmt":"2026-01-20T17:38:53","slug":"policia-estatal-preventiva-2","status":"publish","type":"page","link":"https:\/\/sspbcs.gob.mx\/ssp\/policia-estatal-preventiva-2\/","title":{"rendered":"Polic\u00eda Estatal Preventiva"},"content":{"rendered":"<section class=\"kc-elm kc-css-95886 kc_row\"><div class=\"kc-row-container  kc-container\"><div class=\"kc-wrap-columns\"><div class=\"kc-elm kc-css-706679 kc_col-sm-12 kc_column kc_col-sm-12\"><div class=\"kc-col-container\"><div class=\"kc-elm kc-css-887393 kc-raw-code\"><br>\r\n<br>\r\n<br>\r\n<div class=\"wrap\" role=\"document\">\r\n<style>\r\n       header.page-header .breadcrumb {\r\n           margin-bottom:  24px;\r\n       }\r\n\r\n       header.page-header .breadcrumb > li + li:before {\r\n           content: \">\";\r\n       }\r\n\r\n       header.page-header a {\r\n           color: #88CFC9 ;\r\n       }\r\n\r\n       header.page-header.with-bg {\r\n           background-color:#9f2241;\r\n           color: #fff;\r\n           margin: 0 0 40px;\r\n           padding: 30px 0;\r\n       }\r\n\r\n       header.page-header.with-bg .breadcrumb {\r\n           background-color: transparent;\r\n           padding: 0;\r\n           margin-bottom: 10px;\r\n       }\r\n\r\n       header.page-header.with-bg h1 {\r\n           color: #fff;\r\n\r\n       }\r\n\r\n\r\n       .panel .panel-heading {\r\n           color: #005da3;\r\n           letter-spacing: 1px;\r\n           border-bottom: 1px solid #eee;\r\n           background-color: #fff;\r\n           font-weight: bold;\r\n       }\r\n\r\n       .panel .panel-body h5.label {\r\n           color: #666;\r\n           padding: 0;\r\n           letter-spacing:0.5px;\r\n           font-size: 90%;\r\n       }\r\n\r\n.btn-primary{\r\n background-color:#9f2241 !important;\r\n}\r\n.btn-primary:hover {\r\n   color: #ffff;\r\n   background-color: #9f2241 !important;\r\n   border-color: #8ad3d3 !important\r\n}\r\n\r\n   <\/style>\r\n\r\n<br>\r\n<br>\r\n<br>\r\n<br>\r\n   <header class=\"page-header with-bg\">\r\n       <div class=\"container\">\r\n       <h1>POLIC\u00cdA ESTATAL PREVENTIVA<\/h1>\r\n       <\/div>\r\n   <\/header>\r\n\r\n   <div class=\"container page-content-wrapper\">\r\n       <div class=\"row\">\r\n           <div class=\"col-sm-8\">\r\n            <div class=\"panel \">\r\n                <!-- <div class=\"panel-heading\">\r\n                    MISI\u00d3N\r\n                <\/div> -->\r\n                <div class=\"panel-body\">\r\n                    <p>La Polic\u00eda Estatal Preventiva es un \u00f3rgano desconcentrado de la Secretar\u00eda de Seguridad P\u00fablica del Estado que tiene como objetivo salvaguardar la vida, integridad, seguridad y derechos de las personas, as\u00ed como preservar las libertades, el orden y la paz p\u00fablicos.\r\n\r\n                        Aplica y opera la pol\u00edtica de seguridad p\u00fablica en materia de prevenci\u00f3n y combate de delitos, adem\u00e1s investiga la comisi\u00f3n de delitos bajo la conducci\u00f3n y mando del Ministerio P\u00fablico.<\/p>\r\n                    <br>\r\n                    <br>\r\n                <\/div>\r\n                <div class=\"panel-heading\">\r\n                    MISI\u00d3N\r\n                <\/div>\r\n                <div class=\"panel-body\">\r\n                    <p>Salvaguardar la vida, la integridad, la seguridad y los derechos de las personas, as\u00ed como, preservar las libertades, la paz y el orden p\u00fablico, aplicando y operando la pol\u00edtica policial de seguridad p\u00fablica en materia de prevenci\u00f3n y combate de delitos, que dise\u00f1e la Secretar\u00eda de Seguridad P\u00fablica de Baja California Sur, as\u00ed como tambi\u00e9n, aplicar procedimientos para los traslados de personas procesales y sentenciados a los recintos judiciales en donde se celebrar\u00e1n sus audiencias y vigilar el orden y la seguridad dentro de estas salas.                    <\/p>\r\n                    <br>\r\n                    <br>\r\n                <\/div>\r\n                <div class=\"panel-heading\">\r\n                    VISI\u00d3N\r\n                <\/div>\r\n                <div class=\"panel-body\">\r\n                    <p>Ser una Instituci\u00f3n comprometida con la sociedad en la prevenci\u00f3n del delito y combate a la delincuencia, que preserve la integridad y el patrimonio de las personas, la paz y el orden p\u00fablicos, cuya actuaci\u00f3n est\u00e9 apegada a los principios de legalidad, eficiencia, profesionalismo y honradez, conduci\u00e9ndose siempre con dedicaci\u00f3n y disciplina, con apego al orden jur\u00eddico y respeto a los derechos humanos, as\u00ed como la diversidad de creencia y pensamiento.                    <\/p>\r\n                    <br>\r\n                    <br>\r\n                <\/div>\r\n                <div class=\"panel-heading\">\r\n                    VALORES\r\n                <\/div>\r\n                <div class=\"panel-body\">\r\n                    <p>El personal de la Polic\u00eda Estatal Preventiva del Estado de Baja California Sur, desempe\u00f1a sus funciones apeg\u00e1ndose a los siguientes valores:<\/p>\r\n                    <P>- Legalidad.<\/P>\r\n                    <P>- Objetividad.<\/P>\r\n                    <P>- Eficiencia.<\/P>\r\n                    <P>- Profesionalismo.<\/P>\r\n                    <P>- Honradez.<\/P>\r\n                    <P>- Respeto a los derechos humanos.<\/P>\r\n                    <BR>\r\n                    <P>La Instituci\u00f3n Policial para el desempe\u00f1o de sus funciones, contar\u00e1 con las siguientes Unidades:                    <\/P>\r\n                    <p>I. Unidad de Investigaci\u00f3n y An\u00e1lisis.<\/p>\r\n                    <p>II. Unidad de Reacci\u00f3n.<\/p>\r\n                    <p>III. Unidad de Polic\u00edaProcesal.<\/p>\r\n                    <br>\r\n                    <br>\r\n                <\/div>\r\n                <br>\r\n                <br>\r\n                \r\n                \r\n            <\/div> <!-- end: .panel -->\r\n           <\/div>\r\n        <div class=\"col-sm-4\">\r\n        <br><br>\r\n                <!-- <a href=\"https:\/\/sspbcs.gob.mx\/ssp\/images\/Modulos\/Hipervinculos\/REPUVE.pdf\" class=\"btn btn-primary\" target=\"_blank\"><i class=\"fa fa-desktop\"><\/i>&nbsp;&nbsp;PONLE EL CHIP A TU CARRO<\/a><hr> -->\r\n               <div class=\"hidden-print\">\r\n                <section id=\"block-2\" class=\"widget single_widget widget_block widget_search\"><form role=\"search\" method=\"get\" action=\"https:\/\/condescending-faraday.74-208-53-44.plesk.page\/sspdemo\/\" class=\"wp-block-search__button-outside wp-block-search__text-button wp-block-search\"><label for=\"wp-block-search__input-1\" class=\"wp-block-search__label screen-reader-text\">Buscar<\/label><div class=\"wp-block-search__inside-wrapper \" style=\"width: 666px\"><input type=\"search\" id=\"wp-block-search__input-1\" class=\"wp-block-search__input\" name=\"s\" value=\"\" placeholder=\"Buscador...\" required=\"\" spellcheck=\"false\" data-ms-editor=\"true\"><button type=\"submit\" class=\"wp-block-search__button has-text-color has-white-color has-background has-vivid-red-background-color wp-element-button\">Buscar<\/button><\/div><\/form><\/section>\r\n\r\n                <section id=\"fbw_id-4\" class=\"widget single_widget widget_fbw_id\"><h4 class=\"blog_sidebar_title\">Facebook SSPBCS<\/h4><div class=\"fb_loader\" style=\"text-align: center !important; display: none;\"><img decoding=\"async\" src=\"https:\/\/condescending-faraday.74-208-53-44.plesk.page\/sspdemo\/wp-content\/plugins\/facebook-pagelike-widget\/loader.gif\" alt=\"Facebook Pagelike Widget\"><\/div><div id=\"fb-root\" class=\" fb_reset\"><div style=\"position: absolute; top: -10000px; width: 0px; height: 0px;\"><div><\/div><\/div><\/div>\r\n                    <div class=\"fb-page fb_iframe_widget\" data-href=\"https:\/\/www.facebook.com\/seguridadpublicabcs \" data-width=\"300\" data-height=\"600\" data-small-header=\"false\" data-adapt-container-width=\"true\" data-hide-cover=\"false\" data-show-facepile=\"true\" style=\"\" hide_cta=\"false\" data-tabs=\"timeline\" data-lazy=\"false\" fb-xfbml-state=\"rendered\" fb-iframe-plugin-query=\"adapt_container_width=true&amp;app_id=503595753002055&amp;container_width=288&amp;height=600&amp;hide_cover=false&amp;hide_cta=false&amp;href=https%3A%2F%2Fwww.facebook.com%2Fseguridadpublicabcs&amp;lazy=false&amp;locale=es_LA&amp;sdk=joey&amp;show_facepile=true&amp;small_header=false&amp;tabs=timeline&amp;width=300\"><span style=\"vertical-align: bottom; width: 288px; height: 600px;\"><iframe loading=\"lazy\" name=\"f1a70d6c9797ce8\" width=\"300px\" height=\"600px\" data-testid=\"fb:page Facebook Social Plugin\" title=\"fb:page Facebook Social Plugin\" frameborder=\"0\" allowtransparency=\"true\" allowfullscreen=\"true\" scrolling=\"no\" allow=\"encrypted-media\" src=\"https:\/\/www.facebook.com\/v2.5\/plugins\/page.php?adapt_container_width=true&amp;app_id=503595753002055&amp;channel=https%3A%2F%2Fstaticxx.facebook.com%2Fx%2Fconnect%2Fxd_arbiter%2F%3Fversion%3D46%23cb%3Df144e556a22b7c8%26domain%3Dcondescending-faraday.74-208-53-44.plesk.page%26is_canvas%3Dfalse%26origin%3Dhttps%253A%252F%252Fcondescending-faraday.74-208-53-44.plesk.page%252Ff2a8222b50c807c%26relation%3Dparent.parent&amp;container_width=288&amp;height=600&amp;hide_cover=false&amp;hide_cta=false&amp;href=https%3A%2F%2Fwww.facebook.com%2Fseguridadpublicabcs&amp;lazy=false&amp;locale=es_LA&amp;sdk=joey&amp;show_facepile=true&amp;small_header=false&amp;tabs=timeline&amp;width=300\" style=\"border: none; visibility: visible; width: 288px; height: 600px;\" class=\"\"><\/iframe><\/span><\/div><\/section>\r\n                \r\n\r\n                \r\n               <\/div>\r\n            <\/div>\r\n       <\/div>\r\n<div class=\"container\">\r\n\r\n         \r\n\r\n                <br>\r\n\r\n        <div class=\"row\">\r\n\r\n            <div class=\"col-md-4\">\r\n                <img decoding=\"async\" src=\"http:\/\/transparencia.bcs.gob.mx\/wp-content\/uploads\/2017\/12\/icono-inbox.png\" alt=\"\">\r\n                <h4 class=\"text-primary\">Informaci\u00f3n P\u00fablica Obligatoria<\/h4>\r\n                <p>Los sujetos obligados pondr\u00e1n a disposici\u00f3n del p\u00fablico y mantendr\u00e1n actualizada, en los respectivos\r\n                    medios electr\u00f3nicos, de acuerdo con sus facultades, atribuciones, funciones u objeto social, seg\u00fan corresponda la informaci\u00f3n.<\/p>\r\n                    <br>\r\n                <p>\r\n                    <a href=\"https:\/\/transparencia.bcs.gob.mx\/pep\/informacion-publica\/articulo-75\/\" class=\"btn btn-primary\">Mostrar informaci\u00f3n<\/a>\r\n                <\/p>\r\n            <\/div>\r\n            <div class=\"col-md-4\">\r\n                <img decoding=\"async\" src=\"http:\/\/transparencia.bcs.gob.mx\/wp-content\/uploads\/2017\/12\/icono-privacidad.png\" alt=\"\">\r\n                <h4 class=\"text-primary\">Avisos de Privacidad<\/h4>\r\n                <p>Conoce el tratamiento, alcance de tu informaci\u00f3n personal proporcionada a los sujetos obligados del Gobierno del Estado de Baja California Sur.<\/p>\r\n                <br>\r\n                <p>\r\n                    <a href=\"https:\/\/transparencia.bcs.gob.mx\/pep\/avisos-de-privacidad\/\" class=\"btn btn-primary\">Ver avisos de privacidad<\/a>\r\n                <\/p>\r\n            <\/div>\r\n            \r\n          \r\n                  \t\t\t\t\t\t\t\t\t\t\t\t\t\t\t\t\t\t\t \r\n\t\t\t    \t\t\t\t\t\t\t\t\t\t\t\t\t\t\t\t\t\t\t \r\n\t\t\t\t\t\t\t\t\t\t\t\t\t\t\t\t\t\t\t \r\n\r\n\r\n        \r\n        <br>\r\n        <hr>\r\n        <br>\r\n        \r\n\r\n <\/div>\r\n\r\n\r\n\r\n\r\n     <\/div>\r\n   <\/div>\r\n<\/div><\/div><\/div><\/div><\/div><\/div><\/section>\n","protected":false},"excerpt":{"rendered":"","protected":false},"author":4,"featured_media":0,"parent":0,"menu_order":0,"comment_status":"closed","ping_status":"closed","template":"kc-template.php","meta":{"footnotes":""},"class_list":["post-684","page","type-page","status-publish","hentry"],"_links":{"self":[{"href":"https:\/\/sspbcs.gob.mx\/ssp\/wp-json\/wp\/v2\/pages\/684","targetHints":{"allow":["GET"]}}],"collection":[{"href":"https:\/\/sspbcs.gob.mx\/ssp\/wp-json\/wp\/v2\/pages"}],"about":[{"href":"https:\/\/sspbcs.gob.mx\/ssp\/wp-json\/wp\/v2\/types\/page"}],"author":[{"embeddable":true,"href":"https:\/\/sspbcs.gob.mx\/ssp\/wp-json\/wp\/v2\/users\/4"}],"replies":[{"embeddable":true,"href":"https:\/\/sspbcs.gob.mx\/ssp\/wp-json\/wp\/v2\/comments?post=684"}],"version-history":[{"count":6,"href":"https:\/\/sspbcs.gob.mx\/ssp\/wp-json\/wp\/v2\/pages\/684\/revisions"}],"predecessor-version":[{"id":18067,"href":"https:\/\/sspbcs.gob.mx\/ssp\/wp-json\/wp\/v2\/pages\/684\/revisions\/18067"}],"wp:attachment":[{"href":"https:\/\/sspbcs.gob.mx\/ssp\/wp-json\/wp\/v2\/media?parent=684"}],"curies":[{"name":"wp","href":"https:\/\/api.w.org\/{rel}","templated":true}]}}